pose -149*p = -146*p - 525. What is the hundreds digit of p?
1
Let r = -9 - -13. Suppose 1 = 3*k - 4*k - r*h, 1 = -k + h. What is the tens digit of 1 + -2 - k*14?
1
Let k(z) = -z - 5. Let v be k(-8). Suppose a - 3*x = -4*a + 53, -5*x + 59 = v*a. What is the tens digit of a?
1
Suppose 0 = 3*r + r - 180. What is the tens digit of r?
4
Suppose -2*d - 2*d = -b + 136, -5*d - 4*b - 170 = 0. Let p = 63 + d. What is the tens digit of p?
2
Suppose 138 = 3*r - 309. What is the tens digit of r?
4
Let o = 23 - 20. What is the tens digit of (9/o - -5)*5?
4
Suppose -4*g + 5 = -3*y, -y = g - 2*g + 1. Suppose q - w + 3 = -0, g*w = 10. Let j = 9 - q. What is the units digit of j?
7
Let j(w) = w**3 + 3*w**2. Let z be j(-3). Suppose -2*a + 12 = -z*a. What is the units digit of a?
6
Suppose 2*f + 49 = 5*h, -h - 4*f + 11 = -5*f. Suppose 2*w = 17 + h. What is the tens digit of w?
1
Suppose -6*m = 4*j - 2*m, -3*j + 3*m + 18 = 0. Let v(z) = -z. Let u be v(-2). What is the units digit of 30*(u - 5/j)?
0
Suppose 2*q = 1 + 33. Suppose 5*k + q - 42 = 0. What is the units digit of k?
5
Let m = 143 - 47. What is the tens digit of ((-1)/3)/((-2)/m)?
1
Let u(v) be the third derivative of v**4/12 + v**3/6 - 3*v**2. What is the units digit of u(4)?
9
Let o = 35 - 8. What is the units digit of o?
7
Suppose -3*c + 0*s + 41 = 2*s, -12 = -3*s. What is the units digit of (-2)/c + 670/55?
2
Suppose 0 = -2*k + 2*g + 8, 5*g = k + 2*g - 2. Let w(u) = u + 0*u - k - 2*u. What is the units digit of w(-6)?
1
Let m = -4 - -69. What is the tens digit of m?
6
Let y(l) = l**2 - 4*l - 7. Let h be y(5). Let o be 5 + -1 + 3 + h. Suppose -o*w + 32 = -w. What is the units digit of w?
8
Suppose -3*b - 4 = -19. What is the units digit of b?
5
Let x = 5 - 3. Suppose 2*b - 5*j = -x*b + 15, -2*j = -4*b + 18. Suppose -b*s + 10 = -10. What is the units digit of s?
4
Let d = -2 + 26. What is the units digit of d?
4
Let a = -11 + 16. What is the units digit of a?
5
What is the hundreds digit of (-200)/15*(-171)/12?
1
Let o(z) be the second derivative of -z**3 + 2*z**2 + 3*z. What is the tens digit of o(-2)?
1
Let k = 13 + 148. What is the units digit of k?
1
Let q = 7 + -3. Suppose -5*s + 73 = -0*r + q*r, -3*s + 54 = -r. What is the units digit of s?
7
Let m(h) = h**3 + 5*h**2 + 4. Let j be m(-5). Suppose 2*y + 5*r - 18 = 0, -20 = -4*y + 2*y - j*r. What is the tens digit of y?
1
Let c(y) = -2 + y + 3 + 1 - y**3 + 6*y**2. Let n be (-31)/(-5) - 1/5. What is the units digit of c(n)?
8
Suppose -4*m + 26 = 4*o - 58, 5*m + 21 = o. What is the tens digit of o?
2
Let m(p) = -21*p + 3. Let u be m(-3). Suppose f = 4*f - u. What is the tens digit of f?
2
Suppose 3*h + 180 = 4*q, -5*q - 2*h = -2*q - 135. What is the tens digit of q?
4
What is the tens digit of (-1 + 3)/((-8)/(-136))?
3
Let y(g) = -6*g + 10. What is the tens digit of y(-3)?
2
Let k = -22 - -24. Suppose 4*m = -k*s + 52, -s = 3*m - 0*m - 28. What is the tens digit of s?
2
Suppose 0 = 2*y - 3*y - 4. What is the units digit of 4/(-8)*y/2?
1
Suppose 500 = 3*v + 146. What is the hundreds digit of v?
1
Let t(f) = f**3 + 5*f**2 - 7. Let c be t(-5). Let r(w) = -w**2 - 7*w - 1. Let x be r(c). What is the units digit of -7*-2*x/(-2)?
7
Suppose 20 = 4*z - 3*z. Suppose -4*u = 4*a - 2*a - z, -2*u + 22 = 4*a. What is the units digit of u?
3
Let o = -10 + 16. Let t = o - 5. What is the units digit of 2/((-10)/(-8) - t)?
8
Let y = 15 + -9. Let c(f) = -2*f + 7. Let r be c(y). Let h = -1 - r. What is the units digit of h?
4
Suppose -5*u - 5*x - 295 = 0, 5*x = 3*u - u + 83. Let w = 90 + u. What is the tens digit of w?
3
Let h(l) = -l**2 + 10*l + 1. Let s be h(8). Suppose -3*b + s = 5. What is the units digit of b?
4
What is the units digit of (6 + -1)*3/5?
3
Let l = 18 - 10. Let r = 10 - l. Suppose 24 = r*o + 2*o + 2*g, 3*o + 2*g = 19. What is the units digit of o?
5
Suppose -3*j - 486 = -6*j. What is the tens digit of j?
6
Suppose 4*p - 2*u = 112, 4*p - 6*u = -3*u + 116. What is the tens digit of p?
2
Let z(o) = o - 1 - 7 + o. Let j be z(7). Suppose 2 = 2*w - j. What is the units digit of w?
4
Let n be (-3 + 1)/((-6)/(-33)). Let z(g) = -2*g + 2. Let r be z(-7). Let w = r + n. What is the units digit of w?
5
Let h = -1 + 2. Let i = -1 + h. What is the units digit of -2*(2/(-4) - i)?
1
Suppose -9*m + 8 = -226. What is the units digit of m?
6
Suppose -y + 5*y - x = -295, 2*y = -4*x - 170. Let u = y - -111. What is the units digit of u?
6
Suppose 35 - 8 = j. Let x = 14 + -22. What is the units digit of j/(-6)*x/6?
6
Let i be 3/(3/(-16))*-2. Let a = i - 21. What is the units digit of a?
1
Suppose 0 = 2*v - 10 + 28. Let m = -5 - v. What is the units digit of (-3 - m)*(-12)/14?
6
Suppose 0 = -2*h + 328 - 106. What is the units digit of h?
1
What is the hundreds digit of ((-6)/9)/(8/(-1644))?
1
Let g = -5 + 2. What is the units digit of 2 - (g + (1 - 0))?
4
Let h(i) = -i + 7. Let l be h(7). Let y be (l - 0) + (3 - 1). Suppose 2 = y*r - 4. What is the units digit of r?
3
What is the units digit of (-1 + 0)/2*-4?
2
Suppose 2*g + 90 = 3*g - v, -v - 3 = 0. What is the units digit of g?
7
Suppose 5*z - 990 = -5*z. What is the units digit of z?
9
Let b = 23 + -19. What is the units digit of b?
4
Let r = 83 + -48. What is the units digit of r?
5
Suppose 0*g - 3*g = -o + 5, 2*o = -5*g + 43. Let s = o + 1. What is the units digit of s?
5
Suppose 0 = -2*z - g + 20, -24 = -7*z + 3*z + 2*g. Suppose 0*o + z = -4*o. What is the units digit of o/4 - (-114)/12?
9
Let k be (-33 - -1)*(-36)/24. Suppose k = 3*a - 0*a. What is the units digit of a?
6
Suppose 3*h - 2 = 10, 328 = 2*o + 2*h. Suppose -r + 0*r + 4*k = -51, 0 = 4*r - 5*k - o. What is the tens digit of r?
3
Suppose 4*g + x = -19, -g + 0*g = 3*x - 9. Suppose 8 = 3*l - 7*l. What is the units digit of g/(-4)*l/(-3)?
1
Let j = -156 - -266. What is the units digit of j?
0
Suppose 0 = -4*s + 4*y - 2*y + 174, 0 = 5*s - y - 216. What is the tens digit of s?
4
Suppose -5*b - 155 = -5*d, -170 + 7 = -5*d + 3*b. What is the tens digit of d?
3
What is the units digit of 4 - 2/(-2)*1?
5
Suppose -x + 0*x = -5*m + 101, -2*x - 82 = -4*m. Let l be (12/m)/((-1)/(-5)). Suppose l*c = a + 7, -5*c - 4*a = a - 45. What is the units digit of c?
4
Let k(r) = -r + 1. Suppose -h = -3*j - 22, j = 5*h + 9 - 35. What is the units digit of k(j)?
7
Suppose -4*g = -6*g + 106. What is the units digit of g?
3
Suppose -7*p - p + 2280 = 0. What is the tens digit of p?
8
Let p be (0 + 1)*(0 - -21). Suppose 2*g - p = -9. What is the units digit of g?
6
Suppose 8*v = -v - 36. Let h(w) = 2*w**2 + 4*w - 2. Let b(i) = -1. Let x(d) = -5*b(d) + h(d). What is the tens digit of x(v)?
1
Let x = 23 + -21. Suppose 4*a - b = b + 194, 5*a - 242 = x*b. What is the units digit of a?
8
Suppose -2*j + 120 = -5*b, 2*j - j + 5*b - 75 = 0. What is the units digit of j?
5
Suppose -12 = -4*s, 21 = -2*j + 3*s - 4. Let l = j - -27. What is the units digit of l?
9
Suppose -o + 2 = o. Let x = o + -1. Suppose x*y - 16 = -2*y. What is the units digit of y?
8
Suppose -6*t + 4*t + 346 = 0. What is the tens digit of t?
7
What is the units digit of 308/10 + (21/5 - 4)?
1
Let q be 3*(4/(-3) - -2). Suppose -10 = -4*o + q*l, -3*l + 5 = o - l. Suppose -4*s + n = -0*n - 44, o*n = 3*s - 24. What is the tens digit of s?
1
Let p be (-2)/7 - 16/(-56). Let o = 1 + p. What is the units digit of o?
1
Let w be 4/(-2 - -4) - 1. Let m be 0 + 0/(-2) - w. Let f(u) = -6*u**3 - u**2 - u - 1. What is the units digit of f(m)?
5
Suppose 5*v - 8 = 4*v. What is the units digit of 14/8 + (-6)/v?
1
Let w(k) = -k**3 + k**2 + k + 6. Let r be w(0). Let o(g) = -g**3 + g**2 - 5*g**2 - g - 4 + r. What is the units digit of o(-4)?
6
Suppose -57 = -3*m - 6. Let w = 35 - m. Let l = -4 + w. What is the units digit of l?
4
Let i(k) = -k**3 + 10*k**2 + 6*k + 1. What is the tens digit of i(8)?
7
Let l(f) be the first derivative of f**3/3 - f**2/2 - 6*f + 3. What is the units digit of l(-3)?
6
Suppose 38 = -3*c + j, -j - 62 + 12 = 5*c. Let l(u) = u**3 + 11*u**2 + 2*u - 15. Let t be l(c). Let b = t - -53. What is the tens digit of b?
1
Let j = 7 - -7. What is the units digit of j?
4
Suppose -m = -302 + 87. What is the tens digit of m?
1
Let z = 1 - 0. Let s(d) be the second derivative of d**4/3 + d**2/2 - 2*d. What is the units digit of s(z)?
5
